thousands digit of 6768?
6
What is the thousands digit of 8037?
8
What is the units digit of 316?
6
What is the ten thousands digit of 20526?
2
What is the thousands digit of 2090?
2
What is the tens digit of 44455?
5
What is the units digit of 18900?
0
What is the hundreds digit of 1391?
3
What is the ten thousands digit of 32061?
3
What is the tens digit of 43315?
1
What is the tens digit of 1495?
9
What is the hundreds digit of 2354?
3
What is the units digit of 21?
1
What is the tens digit of 2921?
2
What is the units digit of 676?
6
What is the ten thousands digit of 54542?
5
What is the ten thousands digit of 68211?
6
What is the tens digit of 1126?
2
What is the tens digit of 23023?
2
What is the units digit of 832?
2
What is the hundreds digit of 210?
2
What is the units digit of 138?
8
What is the tens digit of 76441?
4
What is the hundreds digit of 53030?
0
What is the tens digit of 175399?
9
What is the thousands digit of 4329?
4
What is the tens digit of 6951?
5
What is the thousands digit of 94508?
4
What is the units digit of 12566?
6
What is the units digit of 59999?
9
What is the hundreds digit of 1936?
9
What is the thousands digit of 40629?
0
What is the tens digit of 291?
9
What is the units digit of 2964?
4
What is the thousands digit of 2184?
2
What is the tens digit of 36868?
6
What is the tens digit of 1527?
2
What is the thousands digit of 3553?
3
What is the thousands digit of 8005?
8
What is the hundreds digit of 23849?
8
What is the ten thousands digit of 15506?
1
What is the tens digit of 21506?
0
What is the tens digit of 1041?
4
What is the tens digit of 2437?
3
What is the hundreds digit of 9356?
3
What is the tens digit of 21419?
1
What is the hundreds digit of 476?
4
What is the ten thousands digit of 13627?
1
What is the tens digit of 39989?
8
What is the tens digit of 36102?
0
What is the thousands digit of 4433?
4
What is the thousands digit of 28026?
8
What is the hundreds digit of 3616?
6
What is the tens digit of 27127?
2
What is the hundreds digit of 921?
9
What is the units digit of 5382?
2
What is the tens digit of 5114?
1
What is the units digit of 9289?
9
What is the hundreds digit of 15322?
3
What is the tens digit of 13080?
8
What is the units digit of 34912?
2
What is the units digit of 87628?
8
What is the ten thousands digit of 24052?
2
What is the units digit of 8444?
4
What is the units digit of 5872?
2
What is the ten thousands digit of 11237?
1
What is the hundreds digit of 71965?
9
What is the hundreds digit of 93228?
2
What is the thousands digit of 18379?
8
What is the hundreds digit of 390?
3
What is the tens digit of 3066?
6
What is the hundreds digit of 4994?
9
What is the hundreds digit of 1975?
9
What is the hundreds digit of 1337?
3
What is the thousands digit of 1229?
1
What is the thousands digit of 3106?
3
What is the thousands digit of 17104?
7
What is the units digit of 57740?
0
What is the thousands digit of 7800?
7
What is the units digit of 988?
8
What is the hundreds digit of 2428?
4
What is the hundreds digit of 50400?
4
What is the units digit of 143?
3
What is the tens digit of 21650?
5
What is the ten thousands digit of 131572?
3
What is the tens digit of 7252?
5
What is the tens digit of 9268?
6
What is the units digit of 72?
2
What is the thousands digit of 1680?
1
What is the units digit of 461?
1
What is the units digit of 69292?
2
What is the thousands digit of 10204?
0
What is the hundreds digit of 3127?
1
What is the thousands digit of 68863?
8
What is the ten thousands digit of 32167?
3
What is the hundreds digit of 31350?
3
What is the ten thousands digit of 14486?
1
What is the tens digit of 671?
7
What is the thousands digit of 40562?
0
What is the tens digit of 2693?
9
What is the hundreds digit of 787?
7
What is the hundreds digit of 1095?
0
What is the hundreds digit of 3403?
4
What is the units digit of 14365?
5
What is the hundreds digit of 1703?
7
What is the hundreds digit of 9949?
9
What is the hundreds digit of 7031?
0
What is the thousands digit of 3899?
3
What is the ten thousands digit of 28738?
2
What is the thousands digit of 8471?
8
What is the hundreds digit of 7762?
7
What is the ten thousands digit of 61924?
6
What is the ten thousands digit of 17696?
1
What is the units digit of 1946?
6
What is the units digit of 1587?
7
What is the units digit of 30775?
5
What is the hundreds digit of 52204?
2
What is the units digit of 3158?
8
What is the tens digit of 131?
3
What is the hundreds digit of 178?
1
What is the tens digit of 4569?
6
What is the ten thousands digit of 169618?
6
What is the hundreds digit of 7341?
3
What is the thousands digit of 1399?
1
What is the hundreds digit of 1647?
6
What is the tens digit of 7232?
3
What is the thousands digit of 45783?
5
What is the units digit of 4166?
6
What is the ten thousands digit of 157118?
5
What is the units digit of 22?
2
What is the thousands digit of 25111?
5
What is the hundreds digit of 32443?
4
What is the ten thousands digit of 22094?
2
What is the tens digit of 7885?
8
What is the ten thousands digit of 31608?
3
What is the hundreds digit of 304?
3
What is the hundreds digit of 252?
2
What is the units digit of 1375?
5
What is the thousands digit of 49077?
9
What is the ten thousands digit of 19269?
1
What is the units digit of 703?
3
What is the hundreds digit of 1506?
5
What is the thousands digit of 14423?
4
What is the ten thousands digit of 10529?
1
What is the hundreds digit of 6713?
7
What is the thousands digit of 16461?
6
What is the hundreds digit of 73006?
0
What is the tens digit of 714?
1
What is the hundreds digit of 382?
3
What is the hundreds digit of 9136?
1
What is the hundreds digit of 16048?
0
What is the thousands digit of 1737?
1
What is the tens digit of 1569?
6
What is the hundreds digit of 689?
6
What is the units digit of 3059?
9
What is the hundreds digit of 1278?
2
What is the ten thousands digit of 39157?
3
What is the ten thousands digit of 12234?
1
What is the ten thousands digit of 59488?
5
What is the units digit of 144560?
0
What is the units digit of 4953?
3
What is the ten thousands digit of 13251?
1
What is the thousands digit of 126784?
6
What is the units digit of 3268?
8
What is the tens digit of 122?
2
What is the units digit of 12957?
7
What is the units digit of 131904?
4
What is the thousands digit of 1056?
1
What is the tens digit of 5390?
9
What is the hundreds digit of 456?
4
What is the hundreds digit of 9020?
0
What is the hundreds digit of 56402?
4
What is the units digit of 11051?
1
What is the units digit of 4542?
2
What is the tens digit of 6645?
4
What is the units digit of 243?
3
What is the hundreds digit of 1643?
6
What is the tens digit of 1815?
1
What is the units digit of 2321?
1
What is the hundreds digit of 6048?
0
What is the hundreds digit of 1089?
0
What is the units digit of 6037?
7
What is the units digit of 4515?
5
What is the hundreds digit of 1725?
7
What is the tens digit of 267?
6
What is the tens digit of 1213?
1
What is the units digit of 7111?
1
What is the units digit of 3104?
4
What is the units digit of 25105?
5
What is the units digit of 13309?
9
What is the thousands digit of 23399?
3
What is the units digit of 2708?
8
What is the units digit of 30368?
8
What is the hundreds digit of 33379?
3
What is the tens digit of 66?
6
What is the tens digit of 2999?
9
What is the units digit of 1853?
3
What is the units digit of 1578?
8
What is the hundreds digit of 19298?
2
What is the hundreds digit of 20507?
5
What is the thousands digit of 103121?
3
What is the units digit of 24539?
9
What is the units digit of 7802?
2
What is the units digit of 172?
2
What is the units digit of 708?
8
What is the units digit of 6459?
9
What is the units digit of 6301?
1
What is the tens digit of 1897?
9
What is the hundreds digit of 6357?
3
What is the tens digit of 357?
5
What is the tens digit of 55477?
7
What is the thousands digit of 3956?
3
What is the thousands digit of 47204?
7
What is the hundreds digit of 4683?
6
What is the units digit of 1332?
2
What is the hundreds digit of 76699?
6
What is the hundreds digit of 844?
8
What is the units digit of 2019?
9
What is the tens digit of 945?
4
What is the ten thousands 